 (base 16) in base 4?
-30013
What is -4b (base 16) in base 4?
-1023
2e4 (base 16) to base 7
2105
110010110110 (base 2) to base 11
2499
210122 (base 3) to base 5
4314
-46 (base 15) to base 16
-42
What is -10330 (base 4) in base 14?
-188
What is 17564 (base 8) in base 4?
1331310
What is -314002 (base 5) in base 2?
-10100100000110
Convert -22321 (base 4) to base 8.
-1271
What is -11100 (base 5) in base 12?
-547
What is 10688 (base 12) in base 4?
11103020
Convert 445 (base 9) to base 16.
16d
Convert -323102 (base 4) to base 2.
-111011010010
Convert 20060 (base 8) to base 13.
399b
Convert -2505 (base 7) to base 15.
-426
What is -110000001 (base 3) in base 13?
-3ca0
-255501 (base 6) to base 14
-86bb
Convert 4225 (base 9) to base 8.
6035
What is b2c (base 13) in base 7?
5350
Convert -1216 (base 8) to base 15.
-2d9
20e (base 16) to base 14
298
Convert 2 (base 5) to base 9.
2
-330 (base 8) to base 12
-160
-3213 (base 8) to base 7
-4612
What is 2ca9 (base 13) in base 16?
19a1
-515 (base 9) to base 10
-419
47aa (base 12) to base 14
2d10
-12402 (base 6) to base 9
-2512
Convert -210122 (base 4) to base 14.
-bc6
-14826 (base 10) to base 12
-86b6
245 (base 12) to base 11
290
-9d6a (base 15) to base 6
-414344
20b40 (base 14) to base 8
232304
What is -111010100 (base 2) in base 10?
-468
What is -1010101 (base 3) in base 12?
-584
222 (base 5) to base 12
52
What is -13013022 (base 4) in base 5?
-1413010
What is -114 (base 13) in base 14?
-d4
-63 (base 10) to base 3
-2100
What is 161263 (base 8) in base 2?
1110001010110011
What is 3dc (base 15) in base 2?
1101110010
Convert -224643 (base 7) to base 10.
-40113
What is 986 (base 11) in base 14?
607
-28822 (base 9) to base 8
-46246
What is 2cd (base 14) in base 11?
481
-2a2a (base 14) to base 2
-1110100111110
What is 1001111101 (base 2) in base 14?
337
What is -32344 (base 9) in base 12?
-10494
-4616 (base 8) to base 6
-15154
What is 3051 (base 12) in base 15?
184a
-94a (base 14) to base 6
-12250
210103 (base 4) to base 2
100100010011
-59c (base 13) to base 8
-1716
What is 62a3 (base 14) in base 9?
25277
Convert 66100 (base 7) to base 16.
4081
Convert -67a5 (base 12) to base 14.
-4297
What is -4044 (base 6) in base 3?
-1020001
-1044 (base 7) to base 4
-11313
44 (base 7) to base 14
24
173c (base 15) to base 4
1032033
-10c (base 15) to base 11
-1a6
160a (base 11) to base 12
1243
Convert 46512 (base 7) to base 11.
8a53
Convert -377 (base 11) to base 8.
-677
Convert 2867 (base 12) to base 15.
15c7
6048 (base 13) to base 3
200011110
Convert -3170 (base 9) to base 14.
-bc7
Convert -186 (base 14) to base 12.
-222
What is 121220 (base 3) in base 11?
385
200102 (base 4) to base 10
2066
a9 (base 12) to base 2
10000001
What is b94 (base 12) in base 3?
2022211
Convert 1101011100 (base 2) to base 11.
712
What is 250 (base 9) in base 2?
11001111
7523 (base 8) to base 2
111101010011
Convert 666 (base 8) to base 13.
279
Convert -965 (base 13) to base 16.
-644
What is 52d (base 15) in base 2?
10010010000
-3213 (base 7) to base 5
-14022
What is 115142 (base 6) in base 8?
23746
Convert 10221010 (base 3) to base 16.
b31
What is 3165 (base 7) in base 16?
465
Convert -6b5 (base 15) to base 9.
-2068
What is -3311110 (base 4) in base 6?
-200404
4265 (base 9) to base 2
110001000001
Convert -1200 (base 4) to base 7.
-165
-2335 (base 13) to base 6
-34521
Convert -15442 (base 10) to base 14.
-58b0
Convert -113211 (base 5) to base 10.
-4181
What is -352422 (base 6) in base 4?
-13122332
-52 (base 12) to base 9
-68
-30110 (base 5) to base 16
-771
What is -4416 (base 10) in base 7?
-15606
10001110111 (base 2) to base 11
94a
What is 77475 (base 8) in base 3?
1122200102
-43be (base 15) to base 6
-150242
-24420 (base 8) to base 4
-2210100
450 (base 11) to base 16
21b
126054 (base 7) to base 2
101110010011010
2202121212 (base 3) to base 10
54401
Convert 23031 (base 5) to base 8.
3151
What is 83d (base 15) in base 14?
96a
Convert 224541 (base 7) to base 3.
2000221210
What is 3023032 (base 4) in base 2?
11001011001110
Convert -19d3 (base 15) to base 14.
-207c
Convert 100101000 (base 2) to base 9.
358
-231 (base 16) to base 10
-561
3233 (base 4) to base 14
131
101101001100 (base 2) to base 5
43032
774a (base 11) to base 7
41535
What is 13305 (base 6) in base 11?
1600
What is -5340 (base 8) in base 11?
-2101
Convert -340 (base 8) to base 14.
-120
d57 (base 16) to base 11
2625
What is -15322 (base 10) in base 13?
-6c88
What is 73de (base 15) in base 3?
1020121202
What is 1b6 (base 14) in base 15?
18b
What is -543052 (base 6) in base 4?
-22323020
What is -101101010101100 (base 2) in base 12?
-11524
Convert 204 (base 13) to base 10.
342
What is 2312 (base 15) in base 11?
5656
-445 (base 11) to base 9
-652
Convert -2541 (base 7) to base 3.
-1022120
-1017 (base 8) to base 2
-1000001111
Convert -125462 (base 8) to base 16.
-ab32
What is -2221 (base 6) in base 9?
-634
-3120 (base 4) to base 12
-160
Convert -10101011000101 (base 2) to base 13.
-4ca3
Convert bb1 (base 16) to base 5.
43433
Convert 552 (base 7) to base 11.
237
What is 2614 (base 8) in base 16?
58c
What is 21211110 (base 3) in base 12?
3379
Convert -779 (base 14) to base 6.
-10503
604d (base 14) to base 10
16533
What is -11011100 (base 2) in base 15?
-ea
Convert -4c (base 14) to base 11.
-62
What is 4245 (base 7) in base 9?
2050
-8b (base 14) to base 16
-7b
200010 (base 4) to base 14
a68
What is -148567 (base 9) in base 11?
-628a5
What is -34472 (base 8) in base 13?
-688c
-741 (base 14) to base 9
-1857
Convert -14 (base 13) to base 5.
-32
218b0 (base 12) to base 16
adc4
Convert 53b (base 13) to base 3.
1020011
-133230 (base 6) to base 10
-12402
-2553 (base 11) to base 10
-3325
Convert 60504 (base 8) to base 11.
17787
Convert 200 (base 9) to base 13.
c6
2a48 (base 11) to base 16
f54
Convert -c85 (base 14) to base 16.
-9a5
What is -8b (base 12) in base 7?
-212
Convert -6c73 (base 14) to base 11.
-13238
Convert 733 (base 12) to base 9.
1383
-7237 (base 11) to base 6
-112235
Convert -c289 (base 14) to base 11.
-23141
What is 120012 (base 4) in base 14?
7c2
-23a6 (base 11) to base 8
-6105
What is -8857 (base 9) in base 7?
-25021
-244601 (base 7) to base 5
-2414020
Convert 21212 (base 5) to base 9.
1861
What is -1832 (base 10) in base 8?
-3450
Convert -541 (base 13) to base 9.
-1207
51433 (base 6) to base 15
2076
What is -8b5 (base 13) in base 11?
-1144
What is -20101001 (base 3) in base 12?
-2831
What is -abac (base 14) in base 11?
-20394
What is 1101202120 (base 3) in base 11?
19756
-b19 (base 12) to base 6
-11233
What is 9968 (base 11) in base 3?
200000202
-225 (base 14) to base 6
-1545
Convert 13133 (base 6) to base 4.
133101
Convert 412 (base 15) to base 10.
917
Convert -101001111 (base 2) to base 14.
-19d
101221212 (base 3) to base 4
1330310
Convert -253646 (base 7) to base 15.
-ddbb
15332 (base 6) to base 16
9c8
Convert -10b (base 16) to base 6.
-1123
Convert 4220 (base 9) to base 2.
110000011000
Convert 3b68 (base 15) to base 4.
3012122
-20034 (base 5) to base 8
-2365
Convert -1241 (base 14) to base 16.
-c79
-1c7 (base 14) to base 7
-1040
100101001100 (base 2) to base 4
211030
Convert -aa43 (base 12) to base 15.
-5866
3bb (base 14) to base 12
529
What is a56a (base 12) in base 15?
5557
576 (base 10) to base 5
4301
What is -6cb (base 13) in base 14?
-605
Convert -26 (base 8) to base 12.
-1a
What is 10201000 (base 3) in base 12?
1690
What is 26 (base 16) in base 13?
2c
What is -29c (base 16) in base 12?
-478
Convert 2122 (base 4) to base 15.
a4
What is 21301 (base 6) in base 13?
1435
408 (base 15) to base 4
32030
Convert 1894 (base 10) to base 13.
b29
Convert -233303 (base 4) to base 3.
-11012022
What is 10111011001001 (base 2) in base 15?
3837
Convert -134241 (base 5) to base 12.
-3283
Convert -1318 (base 11) to base 9.
-2313
What is 1502 (base 11) in base 8?
3622
What is 35c (base 15) in base 13?
468
What is -4952a (base 11) in base 2?
-10001011000001100
Convert 2365 (base 10) to base 2.
100100111101
b59f (base 16) to base 11
31a29
What is 1100001011001 (base 2) in base 9?
8485
What is 1110110010101 (base 2) in base 7?
31036
Convert -1003222 (base 4) to base 14.
-1814
-11011111 (base 3) to base 4
-233131
Convert -369b (base 13) to base 9.
-11542
Convert 1110101100000 (base 2) to base 3.
101022